28
Calculate the remainder when 442522 is divided by 809.
808
Calculate the remainder when 4496 is divided by 52.
24
What is the remainder when 2774 is divided by 2684?
90
What is the remainder when 7870 is divided by 44?
38
Calculate the remainder when 6867 is divided by 86.
73
What is the remainder when 42125 is divided by 59?
58
Calculate the remainder when 1672 is divided by 93.
91
What is the remainder when 9762 is divided by 361?
15
What is the remainder when 659 is divided by 143?
87
Calculate the remainder when 27823 is divided by 205.
148
What is the remainder when 12799 is divided by 441?
10
Calculate the remainder when 1938 is divided by 731.
476
What is the remainder when 1650 is divided by 385?
110
Calculate the remainder when 208855 is divided by 566.
1
Calculate the remainder when 30072 is divided by 86.
58
What is the remainder when 2223 is divided by 147?
18
What is the remainder when 733064 is divided by 33321?
2
What is the remainder when 4914 is divided by 1932?
1050
Calculate the remainder when 1099 is divided by 679.
420
Calculate the remainder when 8229 is divided by 8202.
27
Calculate the remainder when 58035 is divided by 1.
0
What is the remainder when 1676 is divided by 838?
0
What is the remainder when 6932 is divided by 844?
180
Calculate the remainder when 634 is divided by 91.
88
Calculate the remainder when 17972 is divided by 369.
260
What is the remainder when 43135 is divided by 14367?
34
Calculate the remainder when 5905 is divided by 125.
30
What is the remainder when 241497 is divided by 140?
137
Calculate the remainder when 364979 is divided by 132.
131
Calculate the remainder when 3532 is divided by 806.
308
What is the remainder when 225201 is divided by 32171?
4
What is the remainder when 67565 is divided by 113?
104
What is the remainder when 216477 is divided by 492?
489
Calculate the remainder when 10826 is divided by 18.
8
Calculate the remainder when 4220 is divided by 427.
377
Calculate the remainder when 30520 is divided by 155.
140
What is the remainder when 11699 is divided by 325?
324
Calculate the remainder when 4826 is divided by 832.
666
What is the remainder when 2517 is divided by 2493?
24
Calculate the remainder when 4685 is divided by 311.
20
Calculate the remainder when 1826 is divided by 1027.
799
Calculate the remainder when 47323 is divided by 1208.
211
What is the remainder when 181 is divided by 127?
54
Calculate the remainder when 9452 is divided by 9421.
31
Calculate the remainder when 60512 is divided by 786.
776
Calculate the remainder when 255681 is divided by 572.
569
What is the remainder when 1517526 is divided by 505838?
12
Calculate the remainder when 54179 is divided by 149.
92
Calculate the remainder when 65878 is divided by 244.
242
Calculate the remainder when 1064 is divided by 25.
14
What is the remainder when 56989 is divided by 11392?
29
Calculate the remainder when 10637 is divided by 144.
125
What is the remainder when 5738 is divided by 5708?
30
What is the remainder when 147782 is divided by 262?
14
Calculate the remainder when 3895 is divided by 139.
3
What is the remainder when 360927 is divided by 67?
65
Calculate the remainder when 189725 is divided by 77.
74
What is the remainder when 21482 is divided by 7?
6
What is the remainder when 122034 is divided by 51?
42
What is the remainder when 428 is divided by 38?
10
What is the remainder when 727431 is divided by 80?
71
Calculate the remainder when 798 is divided by 379.
40
Calculate the remainder when 332307 is divided by 318.
315
What is the remainder when 79698 is divided by 19924?
2
What is the remainder when 972748 is divided by 31?
30
Calculate the remainder when 19520 is divided by 195.
20
Calculate the remainder when 60755 is divided by 1146.
17
What is the remainder when 2812 is divided by 1380?
52
What is the remainder when 5812 is divided by 70?
2
What is the remainder when 349824 is divided by 33?
24
What is the remainder when 991 is divided by 117?
55
What is the remainder when 6361 is divided by 577?
14
What is the remainder when 94184 is divided by 232?
224
Calculate the remainder when 1625 is divided by 245.
155
What is the remainder when 2648639 is divided by 63?
56
Calculate the remainder when 9908 is divided by 41.
27
Calculate the remainder when 4045 is divided by 39.
28
Calculate the remainder when 283845 is divided by 47304.
21
What is the remainder when 809181 is divided by 32?
29
Calculate the remainder when 48986 is divided by 1884.
2
Calculate the remainder when 23328 is divided by 10.
8
Calculate the remainder when 8642 is divided by 15.
2
Calculate the remainder when 2605 is divided by 2106.
499
What is the remainder when 236467 is divided by 5374?
11
Calculate the remainder when 823 is divided by 20.
3
Calculate the remainder when 92275 is divided by 20.
15
Calculate the remainder when 93935 is divided by 431.
408
What is the remainder when 4464 is divided by 1480?
24
Calculate the remainder when 103870 is divided by 19.
16
What is the remainder when 1802 is divided by 1233?
569
Calculate the remainder when 152911 is divided by 19.
18
What is the remainder when 58517 is divided by 55?
52
Calculate the remainder when 5627 is divided by 28.
27
Calculate the remainder when 1102 is divided by 110.
2
Calculate the remainder when 3219470 is divided by 103.
102
Calculate the remainder when 27257 is divided by 1440.
1337
What is the remainder when 618314 is divided by 309136?
42
Calculate the remainder when 7421 is divided by 93.
74
What is the remainder when 64521 is divided by 1132?
1129
What is the remainder when 11100 is divided by 598?
336
What is the remainder when 23987 is divided by 59?
33
Calculate the remainder when 1176902 is divided by 13.
12
What is the remainder when 3195 is divided by 89?
80
What is the remainder when 1496 is divided by 1411?
85
Calculate the remainder when 88122 is divided by 375.
372
Calculate the remainder when 5803 is divided by 413.
21
Calculate the remainder when 865 is divided by 630.
235
Calculate the remainder when 47945 is divided by 122.
121
What is the remainder when 55182 is divided by 456?
6
What is the remainder when 75582 is divided by 25184?
30
What is the remainder when 473475 is divided by 712?
707
Calculate the remainder when 87336 is divided by 43651.
34
What is the remainder when 769999 is divided by 700?
699
Calculate the remainder when 41354 is divided by 32.
10
Calculate the remainder when 17101 is divided by 94.
87
Calculate the remainder when 57084 is divided by 48.
12
What is the remainder when 91463 is divided by 18287?
28
What is the remainder when 21405 is divided by 14?
13
Calculate the remainder when 1497414 is divided by 470.
464
Calculate the remainder when 8643 is divided by 166.
11
What is the remainder when 2164 is divided by 109?
93
What is the remainder when 701 is divided by 350?
1
Calculate the remainder when 798 is divided by 65.
18
What is the remainder when 529748 is divided by 650?
648
What is the remainder when 1271 is divided by 130?
101
Calculate the remainder when 7992 is divided by 3992.
8
What is the remainder when 65089 is divided by 38?
33
Calculate the remainder when 54446 is divided by 27220.
6
Calculate the remainder when 163675 is divided by 83.
82
Calculate the remainder when 83659 is divided by 768.
715
Calculate the remainder when 19958 is divided by 3991.
3
What is the remainder when 14298 is divided by 7124?
50
Calculate the remainder when 1129 is divided by 1067.
62
What is the remainder when 48336 is divided by 509?
490
Calculate the remainder when 33390 is divided by 902.
16
What is the remainder when 3118 is divided by 1249?
620
What is the remainder when 47005 is divided by 1342?
35
What is the remainder when 32658 is divided by 1296?
258
Calculate the remainder when 13119 is divided by 35.
29
What is the remainder when 55331 is divided by 357?
353
What is the remainder when 21559 is divided by 220?
219
Calculate the remainder when 449775 is divided by 8329.
9
What is the remainder when 29057 is divided by 10?
7
Calculate the remainder when 2092 is divided by 735.
622
Calculate the remainder when 8904 is divided by 94.
68
What is the remainder when 241959 is divided by 213?
204
Wha